 u is divided by 10?
9
Suppose -3*l + 5*s + 98 = 0, l + l = -5*s + 32. Suppose -5*t = 0, -4*g - 8 + 0 = t. What is the remainder when l is divided by 6 + 10 + g*1?
12
Suppose -k - 3*k + 20 = 0. Suppose 7 = 3*y - 5. What is the remainder when y/(2*(-3)/(-12)) is divided by k?
3
Suppose 0 = -p - 4*k + 23, 0 = p + 22*k - 20*k - 33. Calculate the remainder when 595 is divided by p.
36
Let h be ((-9)/(-4))/((-12)/64). Let w be (-9)/5*40/h. Suppose 2*i + 5*k - 66 + w = 0, -3*i + k = -73. Calculate the remainder when i is divided by 14.
11
Suppose -3*u = -2*u - 6. Suppose u*n - 225 = n. Suppose 24 = 4*o - 40. Calculate the remainder when n is divided by o.
13
Suppose -5*s + 1616 = -784. What is the remainder when s is divided by 69?
66
Let c(s) = 26*s + 211. What is the remainder when (5 + -3)/((-4)/(-170)) is divided by c(-7)?
27
What is the remainder when (23 + -4 - 14)*(-424)/(-5) is divided by 25?
24
Let x(d) = 3*d**3 - 3*d**2 - 6*d + 16. Calculate the remainder when x(3) is divided by 17.
1
Let i be (-4)/12*0 - -27. Suppose -n + i = 2*h, 2*h + 4*n + 2 = 20. Calculate the remainder when (-8)/(-52) - (-544)/13 is divided by h.
12
Let g(y) = 36*y - 104. Calculate the remainder when g(9) is divided by 111.
109
Let g(z) = z**2 + z - 4. Let b be g(-3). Let n = 80 - b. Calculate the remainder when n is divided by 20.
18
Let k = 16 - 98. Let n = 2 - k. Let u = -1026 + 1055. Calculate the remainder when n is divided by u.
26
Suppose 16 = i + 5. Let s = -7 + i. Suppose 5*b - b - s = 0. Calculate the remainder when 2 is divided by b.
0
Suppose -4*c + 2 = -2. Let b(w) = -c - 9 + 3*w + 4*w. Calculate the remainder when b(4) is divided by 5.
3
Let k(r) = 13*r**3 - 5*r**2 + 2*r. Let z = 13 + -11. What is the remainder when k(z) is divided by 30?
28
Let y = -499 - -505. What is the remainder when (3 - 16/6)*18 is divided by y?
0
What is the remainder when (-8)/2 - -15 - 5 is divided by 4?
2
Let k = 768 + -755. Calculate the remainder when 272 is divided by k.
12
Let z = 14 - -5. Let n = -16 + z. Calculate the remainder when 59 is divided by n/(-15) - 684/(-45).
14
Let k(n) = 2*n + 1. Let q = -502 - -549. What is the remainder when q is divided by k(8)?
13
Let v be 4 + (-1231)/(-4) - (-1)/4. Suppose f - 3*f + 156 = -3*g, 3*g = 4*f - v. What is the remainder when f is divided by ((-16)/(-10))/((-2)/(-25))?
18
Let b = -25 - -80. What is the remainder when b is divided by ((-18)/15)/((-3)/105*3)?
13
Let h = 501 + -484. What is the remainder when 213 is divided by h?
9
Suppose 5 = -5*l + 30. Suppose 4*p + 144 = -4*c, -l*c + 3*p = -42 + 198. Let j = -16 - c. Calculate the remainder when j is divided by 6.
5
Let b be (-30)/(-7) + 2/(-7). Suppose 3*w - 16 = -v, 5*v + 5 = -2*w + b*w. Calculate the remainder when (-8)/(-3) + (-1)/(-3) is divided by v.
0
Let g = -2 - -5. Suppose g*t = -0*j - j + 7, 0 = -3*j + 4*t - 5. Let s = 3 - j. What is the remainder when 4 is divided by s?
0
Let i = 40 + -17. Suppose 18*o = i*o - 10. Suppose -w + 11 + 12 = o*s, 4*w + 90 = 5*s. What is the remainder when s is divided by 9?
5
Suppose -5*o - 48 = -13*o. Suppose -3*u + 23 - o = -5*v, -2*v = -2*u + 18. Calculate the remainder when 44 is divided by u.
2
Let p(h) = 63*h**2 - 6*h - 11. Calculate the remainder when p(-3) is divided by 48.
46
Let m(k) be the first derivative of -k**4/2 - 7*k**3/3 - k**2 - 22*k + 41. Let n(c) = -c**2 - 6*c + 1. What is the remainder when n(-5) is divided by m(-4)?
0
Let p be ((-4)/(-12))/(1/9). Suppose 0 = -3*t - p*i + 21, 0 = -t + 3*t - i - 11. Suppose 0 = -t*y + 24 + 18. What is the remainder when 27 is divided by y?
6
Let h(s) = s + 26. What is the remainder when 132 is divided by h(-7)?
18
Suppose 3*w = -0*i + 3*i - 15, 2*i - 5*w - 16 = 0. Suppose 0 = 4*g + i*m - 17, -5*g + 32 + 13 = -m. Calculate the remainder when 14 is divided by g.
6
Suppose -4941 - 3159 = -12*f. Calculate the remainder when f is divided by 114.
105
Suppose 0 = -3*t - 5*d + 154, -5*t + 33 + 234 = -2*d. What is the remainder when t is divided by 20?
13
Suppose -12 = -2*z - o, -9*o - 19 = -3*z - 10*o. What is the remainder when 19 is divided by z?
5
Let t(i) = i**2 - 12*i - 10. Let r be t(13). Let h be (-540)/r - (-3 - -5). Let f = -62 - h. Calculate the remainder when f is divided by 31.
27
Let n(d) = -d**3 - 3*d**2 + 2*d - 5. Let w be n(-4). Suppose 0 = w*u + 4*g - 9*g - 46, -3*u - 5*g = 4. Calculate the remainder when 18 is divided by u.
4
Let k = -3664 + 6749. Calculate the remainder when k is divided by 63.
61
Suppose -2*t + 17 = 7. Suppose -y + 1 = -t. Calculate the remainder when 52 is divided by y.
4
Let m(z) = -3*z - 11. Let p be m(2). Let o = p - -20. What is the remainder when 26 is divided by o?
2
Let v(y) = -2*y. Let r be v(-2). Suppose -4*n + 9*n - 15 = 0. Suppose d + 19 = 4*d + r*a, 0 = -n*d - 2*a + 17. What is the remainder when d is divided by 2?
1
Suppose 0 = 3*b - 2*q - 237, 4*b - 2*q + 99 = 413. What is the remainder when b is divided by 16?
13
Suppose 0*o = -39*o + 819. Calculate the remainder when 107 is divided by o.
2
What is the remainder when 12/(-114) - 22503/(-247) is divided by 19?
15
Let i(t) = -6*t + 15. Let m be i(-13). Let c = m - 82. Calculate the remainder when 74 is divided by c.
8
Let m = 2 + -2. Suppose m = -9*i + 4*i + 210. What is the remainder when i is divided by (-44)/2*1/(-7 - -5)?
9
Let s(p) = -2 - 1877*p - 9*p**2 + 1880*p + 0*p**3 - 16 + p**3. Let v = 32 + -23. What is the remainder when 12 is divided by s(v)?
3
Suppose 0 = -6*v + 9*v - 36. Suppose 0 = t - 4*y - 2, -y - v = -4*y. What is the remainder when t is divided by 11?
7
Let n(u) = 11*u**2 + 7*u + 1. Let k be n(-2). Let t = k - 26. Calculate the remainder when t is divided by 4.
1
Let i(t) = -t**3 - 10*t**2 - 8*t - 5. Suppose 0 = -2*o - 24 + 6. Let p be i(o). Calculate the remainder when p/(0 + 4/(-26)) is divided by 31.
29
Let q = 94 - -38. Let c(o) = 9*o**3 + o**2 - 2*o + 1. Calculate the remainder when (q + 4)*7/28 is divided by c(1).
7
Let i = -1349 + 1643. What is the remainder when 895 is divided by i?
13
Let z(c) = 6*c + 1. Let h(g) = g**3 - g**2 - 5*g - 3. What is the remainder when h(5) is divided by z(4)?
22
Let g = 77 - 71. Let v(r) = -r**2 + 5*r + 20. Calculate the remainder when v(g) is divided by 3.
2
What is the remainder when 34 is divided by (2*81/(-36))/(2/(-4))?
7
Let x(p) = -24*p + 1526. Let h = 99 + 29. Suppose h = 5*b - k, 4*b + k = 2*b + 47. Calculate the remainder when b is divided by x(63).
11
Suppose -5*s + 17 = 4*c, 5*c + 2*s - 5*s - 12 = 0. Suppose c*d = 20 + 28. What is the remainder when (10/4)/(1/18) is divided by d?
13
Let g(c) = c**3 - 8*c**2 + 6*c + 9. Suppose b + 94 = -5*l, 0*b - b = -5*l - 86. Let s = 33 + l. Calculate the remainder when g(8) is divided by s.
12
Let v(m) be the first derivative of 5*m**2 - 10*m + 21. Let u = -41 - -62. Calculate the remainder when v(5) is divided by u.
19
Let i(g) be the second derivative of -g**4/6 - 3*g**3/2 - g**2/2 - 8*g. Let s be i(-10). Let h = -78 - s. Calculate the remainder when h is divided by 18.
15
Let m(a) = -a**3 - 5*a**2 - 8*a - 7. Let w be m(-5). Let k = -21 + w. What is the remainder when k is divided by 4?
0
Let x(r) = 15*r - 24. Calculate the remainder when ((-40)/20)/(4/(-138)) is divided by x(4).
33
Suppose 13*x = 191 + 420. What is the remainder when 155 is divided by x?
14
Suppose -5*i = 4*g - 205, 4*i + 4*g - 168 = -0*i. Let r = i + -3. Calculate the remainder when r is divided by 20.
14
Let s = 60 - 96. Calculate the remainder when (3 + s - 5)/(2/(-11)) is divided by 53.
50
Let j = 21 - 26. What is the remainder when 15/(j/50*-2) is divided by 13?
10
Let s = 6 + -2. Suppose 0 = -s*t + 87 + 101. Calculate the remainder when t is divided by 8.
7
Let r(z) = -59*z**3 - z**2 - z - 1. Let f be r(-1). What is the remainder when 55 is divided by 30/(-20)*f/(-3)?
26
Let f(d) = -37*d + 88. What is the remainder when f(-4) is divided by 17?
15
Let m = 3 - 3. Suppose -2*l - 107 + 153 = m. What is the remainder when 89 is divided by l?
20
Let h(q) = 9*q**2 - 4*q - 5. What is the remainder when h(-3) is divided by 49 - (2/8 - (-165)/44)?
43
Let a(i) = -i**3 - 8*i**2 - 7*i + 23. What is the remainder when a(-9) is divided by 13?
11
Suppose k - 32 = -s, -5*k + 164 = -5*s - 36. Calculate the remainder whe